{"id":528,"date":"2022-10-21T08:21:09","date_gmt":"2022-10-21T08:21:09","guid":{"rendered":"https:\/\/staging.os-zagradec.si\/?page_id=528"},"modified":"2024-12-23T07:58:19","modified_gmt":"2024-12-23T07:58:19","slug":"kontakti-2","status":"publish","type":"page","link":"https:\/\/os-zagradec.si\/?page_id=528","title":{"rendered":"KONTAKTI"},"content":{"rendered":"\n<div class=\"wp-block-group\"><div class=\"wp-block-group__inner-container is-layout-flow wp-block-group-is-layout-flow\">\n<p><strong>MATI\u010cNA \u0160OLA<\/strong><\/p>\n\n\n\n<p>Osnovna \u0161ola Zagradec<br>Zagradec 33<br>1303 Zagradec<\/p>\n\n\n\n<figure class=\"wp-block-table\"><table><tbody><tr><td>Mati\u010dna \u0161tevilka:<br>Ra\u010dun pri UJP:<br>Dav\u010dna \u0161tevilka:<\/td><td>8865434000<br>SI56 0110 0600 8350 171<br>51808340<\/td><\/tr><\/tbody><\/table><\/figure>\n\n\n\n<p>telefon izdaja polo\u017enic:  01 620 74 15<\/p>\n\n\n\n<p><em>telefon tajni\u0161tva:<\/em> 01 620 74 15<br><em>elektronska po\u0161ta:<\/em> tajnistvo@sola-zagradec.si<br>\u00a0<br><em>telefon ra\u010dunovodstva:<\/em> 01 620 74 16<br><em>elektronska po\u0161ta:<\/em> racunovodstvo@sola-zagradec.si<\/p>\n\n\n\n<p><em>zbornica:<\/em> 01 620 74 00<br>&nbsp;<br><em>svetovalna slu\u017eba: <\/em>01 620 74 03<\/p>\n\n\n\n<p><em>knji\u017enica: <\/em>01 620 74 05<br>&nbsp;<br><em>kuhinja: <\/em>01 620 74 02<\/p>\n<\/div><\/div>\n\n\n\n<p><\/p>\n\n\n\n<p><strong>Podru\u017eni\u010dna \u0161ola Krka<\/strong><\/p>\n\n\n\n<p>Krka 1A<\/p>\n\n\n\n<p>1301 Krka<\/p>\n\n\n\n<p><\/p>\n\n\n\n<p><em>zbornica: <\/em>01 788 73 93<\/p>\n\n\n\n<p><em>kuhinja: <\/em>01 788 73 92<\/p>\n\n\n\n<p><\/p>\n\n\n\n<p><strong>Podru\u017eni\u010dna \u0161ola Ambrus<\/strong><\/p>\n\n\n\n<p>Ambrus 33<\/p>\n\n\n\n<p>1303 Zagradec<\/p>\n\n\n\n<p><\/p>\n\n\n\n<p><em>zbornica: <\/em>01 780 10 88<\/p>\n\n\n\n<p><\/p>\n\n\n\n<div class=\"wp-block-columns alignfull has-text-color has-background is-layout-flex wp-container-core-columns-is-layout-9d6595d7 wp-block-columns-is-layout-flex\" style=\"color:#000000;background-color:#ffffff\"><\/div>\n","protected":false},"excerpt":{"rendered":"<p>MATI\u010cNA \u0160OLA Osnovna \u0161ola ZagradecZagradec 331303 Zagradec Mati\u010dna \u0161tevilka:Ra\u010dun pri UJP:Dav\u010dna \u0161tevilka: 8865434000SI56 0110 0600 8350 17151808340 telefon izdaja polo\u017enic: 01 620 74 15 telefon tajni\u0161tva: 01 620 74 15elektronska po\u0161ta: tajnistvo@sola-zagradec.si\u00a0telefon ra\u010dunovodstva: 01 620 74 16elektronska po\u0161ta: racunovodstvo@sola-zagradec.si zbornica: 01 620 74 00&nbsp;svetovalna slu\u017eba: 01 620 74 03 knji\u017enica: 01 620 74 05&nbsp;kuhinja: 01 &hellip; <a href=\"https:\/\/os-zagradec.si\/?page_id=528\" class=\"more-link\">Preberi ve\u010d <span class=\"screen-reader-text\">KONTAKTI<\/span> <span class=\"meta-nav\">&rarr;<\/span><\/a><\/p>\n","protected":false},"author":1,"featured_media":0,"parent":0,"menu_order":0,"comment_status":"closed","ping_status":"closed","template":"","meta":{"footnotes":""},"class_list":["post-528","page","type-page","status-publish","hentry"],"_links":{"self":[{"href":"https:\/\/os-zagradec.si\/index.php?rest_route=\/wp\/v2\/pages\/528","targetHints":{"allow":["GET"]}}],"collection":[{"href":"https:\/\/os-zagradec.si\/index.php?rest_route=\/wp\/v2\/pages"}],"about":[{"href":"https:\/\/os-zagradec.si\/index.php?rest_route=\/wp\/v2\/types\/page"}],"author":[{"embeddable":true,"href":"https:\/\/os-zagradec.si\/index.php?rest_route=\/wp\/v2\/users\/1"}],"replies":[{"embeddable":true,"href":"https:\/\/os-zagradec.si\/index.php?rest_route=%2Fwp%2Fv2%2Fcomments&post=528"}],"version-history":[{"count":1,"href":"https:\/\/os-zagradec.si\/index.php?rest_route=\/wp\/v2\/pages\/528\/revisions"}],"predecessor-version":[{"id":5751,"href":"https:\/\/os-zagradec.si\/index.php?rest_route=\/wp\/v2\/pages\/528\/revisions\/5751"}],"wp:attachment":[{"href":"https:\/\/os-zagradec.si\/index.php?rest_route=%2Fwp%2Fv2%2Fmedia&parent=528"}],"curies":[{"name":"wp","href":"https:\/\/api.w.org\/{rel}","templated":true}]}}