{"id":3384,"date":"2023-10-19T07:44:44","date_gmt":"2023-10-19T07:44:44","guid":{"rendered":"https:\/\/os-zagradec.si\/?page_id=3384"},"modified":"2025-03-04T06:07:32","modified_gmt":"2025-03-04T06:07:32","slug":"erasmus-2","status":"publish","type":"page","link":"https:\/\/os-zagradec.si\/?page_id=3384","title":{"rendered":"ERASMUS+ : BODI AKTI-VEN \/ BODY ACTIVE"},"content":{"rendered":"\n<p>V \u0161olskem letu 2023\/24 se je na O\u0160 Zagradec za\u010del izvajati projekt Erasmus+ z naslovom Bodi akti-ven oziroma Body active<strong>. <\/strong>Ker smo mnenja, da u\u010denci preve\u010d \u010dasa pre\u017eivijo sede in se premalo gibljejo, \u017eelimo v njihov vsakdan uvesti prilo\u017enosti za aktivno pre\u017eivljanje le-tega. Tako \u017eelimo z raznovrstnimi metodami pou\u010devanja u\u010dence bolj motivirati za delo ter izbolj\u0161ati njihovo pozornost. V \u010dasu rekreativnega odmora se \u010dim ve\u010d u\u010dencev vklju\u010duje v \u0161portne in druge aktivnosti. Prav tako je izredno pomembno, da se tako u\u010denci kot zaposleni na \u0161oli po\u010dutijo prijetno ter da skupaj ustvarjamo pozitivno klimo.<\/p>\n\n\n\n<p>Da bi dosegli zastavljene cilje projekta, se bodo u\u010ditelji in strokovni delavci udele\u017eili strukturiranih te\u010dajev in sledenja na delovnem mestu v \u0160paniji, Italiji in Islandiji. U\u010denci pa bodo imeli mo\u017enost sodelovanja v izmenjavi z u\u010denci iz \u010ce\u0161ke republike.<\/p>\n\n\n\n<div class=\"wp-block-group\"><div class=\"wp-block-group__inner-container is-layout-constrained wp-block-group-is-layout-constrained\">\n<div class=\"wp-block-columns is-layout-flex wp-container-core-columns-is-layout-9d6595d7 wp-block-columns-is-layout-flex\">\n<div class=\"wp-block-column has-small-font-size is-layout-flow wp-block-column-is-layout-flow\" style=\"flex-basis:120%\"><div  class=\"ultp-post-grid-block wp-block-ultimate-post-post-list-3 ultp-block-a0e751\"><div class=\"ultp-block-wrapper\"><div class=\"ultp-loading\"><div class=\"ultp-loading-blocks\" style=\"width:100%;height:100%;\"><div style=\"left: 0;top: 0;animation-delay:0s;\"><\/div><div style=\"left: 21px;top: 0;animation-delay:0.125s;\"><\/div><div style=\"left: 42px;top: 0;animation-delay:0.25s;\"><\/div><div style=\"left: 0;top: 21px;animation-delay:0.875s;\"><\/div><div style=\"left: 42px;top: 21px;animation-delay:0.375s;\"><\/div><div style=\"left: 0;top: 42px;animation-delay:0.75s;\"><\/div><div style=\"left: 42px;top: 42px;animation-delay:0.625s;\"><\/div><div style=\"left: 21px;top: 42px;animation-delay:0.5s;\"><\/div><\/div><\/div><div class=\"ultp-heading-filter\"><div class=\"ultp-heading-filter-in\"><div class=\"ultp-heading-wrap ultp-heading-style1 ultp-heading-left\"><h5 class=\"ultp-heading-inner\"><span>Te\u010daji in sledenje na delovnem mestu<\/span><\/h5><\/div><div class=\"ultp-filter-navigation\"><div class=\"ultp-filter-wrap\" data-taxtype=category data-blockid=\"a0e751\" data-blockname=\"ultimate-post_post-list-3\" data-postid=\"3384\"data-selfpostid=\"yes\"><ul class=\"ultp-flex-menu\" data-name=\"More\"><li class=\"filter-item\"><a data-taxonomy=\"erasmus-bodi-akti-ven-body-active\" href=\"#\">ERASMUS+ : BODI AKTI-VEN \/ BODY ACTIVE<\/a><\/li><\/ul><\/div><\/div><\/div><\/div><div class=\"ultp-block-items-wrap ultp-block-row ultp-block-column-1 ultp-block-content-middle ultp-block-content-true ultp-layout1\"><article class=\"ultp-block-item ultp-block-media post-id-5227\"><div class=\"ultp-block-content-wrap\"><div class=\"ultp-block-image ultp-block-image-opacity\"><a href=\"https:\/\/os-zagradec.si\/?p=5227\" ><img decoding=\"async\"  alt=\"Gostovanje iz Latvije na O\u0160 Zagradec\"  src=\"https:\/\/os-zagradec.si\/wp-content\/uploads\/2024\/10\/Latvija-skupinska-fotka-pred-solo-600x600.jpg\" \/><\/a><\/div><div class=\"ultp-block-content\"><h3 class=\"ultp-block-title \"><a href=\"https:\/\/os-zagradec.si\/?p=5227\" >Gostovanje iz Latvije na O\u0160 Zagradec<\/a><\/h3><div class=\"ultp-block-meta ultp-block-meta-dot ultp-block-meta-icon\"><\/div><div class=\"ultp-block-excerpt\"><p>Zadnji teden septembra je na\u0161a \u0161ola gostila \u0161tiri u\u010dence in dve u\u010diteljici&hellip;<\/p>\n<\/div><\/div><\/div><\/article><article class=\"ultp-block-item ultp-block-media post-id-3595\"><div class=\"ultp-block-content-wrap\"><div class=\"ultp-block-image ultp-block-image-opacity\"><a href=\"https:\/\/os-zagradec.si\/?p=3595\" ><img decoding=\"async\"  alt=\"Te\u010daj &#8211; Team Building for School\"  src=\"https:\/\/os-zagradec.si\/wp-content\/uploads\/2023\/11\/1697045853882-600x600.jpg\" \/><\/a><\/div><div class=\"ultp-block-content\"><h3 class=\"ultp-block-title \"><a href=\"https:\/\/os-zagradec.si\/?p=3595\" >Te\u010daj &#8211; Team Building for School<\/a><\/h3><div class=\"ultp-block-meta ultp-block-meta-dot ultp-block-meta-icon\"><\/div><div class=\"ultp-block-excerpt\"><p>Prva se je na pot odpravila u\u010diteljica angle\u0161\u010dine Barbara Tom\u0161e. V \u0160paniji,&hellip;<\/p>\n<\/div><\/div><\/div><\/article><article class=\"ultp-block-item ultp-block-media post-id-3607\"><div class=\"ultp-block-content-wrap\"><div class=\"ultp-block-image ultp-block-image-opacity\"><a href=\"https:\/\/os-zagradec.si\/?p=3607\" ><img decoding=\"async\"  alt=\"Te\u010daj &#8211; Effective Classroom\"  src=\"https:\/\/os-zagradec.si\/wp-content\/uploads\/2023\/11\/slika-3-600x600.jpg\" \/><\/a><\/div><div class=\"ultp-block-content\"><h3 class=\"ultp-block-title \"><a href=\"https:\/\/os-zagradec.si\/?p=3607\" >Te\u010daj &#8211; Effective Classroom<\/a><\/h3><div class=\"ultp-block-meta ultp-block-meta-dot ultp-block-meta-icon\"><\/div><div class=\"ultp-block-excerpt\"><p>Po izobra\u017eevanju u\u010diteljice Barbare je na Tenerife poletela Tanja Rajer, u\u010diteljica dodatne&hellip;<\/p>\n<\/div><\/div><\/div><\/article><article class=\"ultp-block-item ultp-block-media post-id-3494\"><div class=\"ultp-block-content-wrap\"><div class=\"ultp-block-image ultp-block-image-opacity\"><a href=\"https:\/\/os-zagradec.si\/?p=3494\" ><img decoding=\"async\"  alt=\"Sledenje na delovnem mestu\"  src=\"https:\/\/os-zagradec.si\/wp-content\/uploads\/2023\/11\/IMG_0107-600x600.jpeg\" \/><\/a><\/div><div class=\"ultp-block-content\"><h3 class=\"ultp-block-title \"><a href=\"https:\/\/os-zagradec.si\/?p=3494\" >Sledenje na delovnem mestu<\/a><\/h3><div class=\"ultp-block-meta ultp-block-meta-dot ultp-block-meta-icon\"><\/div><div class=\"ultp-block-excerpt\"><p>U\u010diteljici Katja in Maru\u0161a sva med jesenskim po\u010ditnicami odpotovali v \u0161pansko mesto&hellip;<\/p>\n<\/div><\/div><\/div><\/article><article class=\"ultp-block-item ultp-block-media post-id-3610\"><div class=\"ultp-block-content-wrap\"><div class=\"ultp-block-image ultp-block-image-opacity\"><a href=\"https:\/\/os-zagradec.si\/?p=3610\" ><img decoding=\"async\"  alt=\"Te\u010daj \u2013 Mindfullness and Meditation\"  src=\"https:\/\/os-zagradec.si\/wp-content\/uploads\/2023\/11\/IMG-20231106-WA0007-600x600.jpg\" \/><\/a><\/div><div class=\"ultp-block-content\"><h3 class=\"ultp-block-title \"><a href=\"https:\/\/os-zagradec.si\/?p=3610\" >Te\u010daj \u2013 Mindfullness and Meditation<\/a><\/h3><div class=\"ultp-block-meta ultp-block-meta-dot ultp-block-meta-icon\"><\/div><div class=\"ultp-block-excerpt\"><p>Naslednji se je izobra\u017eevanja na oddaljeni Islandiji udele\u017eil na\u0161 ra\u010dunalnikar in u\u010ditelj&hellip;<\/p>\n<\/div><\/div><\/div><\/article><article class=\"ultp-block-item ultp-block-media post-id-3666\"><div class=\"ultp-block-content-wrap\"><div class=\"ultp-block-image ultp-block-image-opacity\"><a href=\"https:\/\/os-zagradec.si\/?p=3666\" ><img decoding=\"async\"  alt=\"Te\u010daj &#8211; Mindfulness and Well-being\"  src=\"https:\/\/os-zagradec.si\/wp-content\/uploads\/2023\/11\/Toledo-600x600.jpg\" \/><\/a><\/div><div class=\"ultp-block-content\"><h3 class=\"ultp-block-title \"><a href=\"https:\/\/os-zagradec.si\/?p=3666\" >Te\u010daj &#8211; Mindfulness and Well-being<\/a><\/h3><div class=\"ultp-block-meta ultp-block-meta-dot ultp-block-meta-icon\"><\/div><div class=\"ultp-block-excerpt\"><p>U\u010diteljica Silvia Valen\u010di\u010d se je od 5. do 11. novembra v Madridu&hellip;<\/p>\n<\/div><\/div><\/div><\/article><article class=\"ultp-block-item ultp-block-media post-id-3731\"><div class=\"ultp-block-content-wrap\"><div class=\"ultp-block-image ultp-block-image-opacity\"><a href=\"https:\/\/os-zagradec.si\/?p=3731\" ><img decoding=\"async\"  alt=\"TE\u010cAJ &#8211; Innovative teaching methods for teachers\"  src=\"https:\/\/os-zagradec.si\/wp-content\/uploads\/2023\/11\/IMG_7794-600x600.jpg\" \/><\/a><\/div><div class=\"ultp-block-content\"><h3 class=\"ultp-block-title \"><a href=\"https:\/\/os-zagradec.si\/?p=3731\" >TE\u010cAJ &#8211; Innovative teaching methods for teachers<\/a><\/h3><div class=\"ultp-block-meta ultp-block-meta-dot ultp-block-meta-icon\"><\/div><div class=\"ultp-block-excerpt\"><p>V \u010dasu jesenskih po\u010ditnic se je u\u010diteljica kemije in biologije Darja Kos&hellip;<\/p>\n<\/div><\/div><\/div><\/article><\/div><div class=\"ultp-loadmore\"><\/div><\/div><div class=\"pagination-block-html\" aria-hidden=\"true\" style=\"display: none;\"><\/div><\/div><\/div>\n<\/div>\n<\/div><\/div>\n","protected":false},"excerpt":{"rendered":"<p>V \u0161olskem letu 2023\/24 se je na O\u0160 Zagradec za\u010del izvajati projekt Erasmus+ z naslovom Bodi akti-ven oziroma Body active. Ker smo mnenja, da u\u010denci preve\u010d \u010dasa pre\u017eivijo sede in se premalo gibljejo, \u017eelimo v njihov vsakdan uvesti prilo\u017enosti za aktivno pre\u017eivljanje le-tega. Tako \u017eelimo z raznovrstnimi metodami pou\u010devanja u\u010dence bolj motivirati za delo ter &hellip; <a href=\"https:\/\/os-zagradec.si\/?page_id=3384\" class=\"more-link\">Preberi ve\u010d <span class=\"screen-reader-text\">ERASMUS+ : BODI AKTI-VEN \/ BODY ACTIVE<\/span> <span class=\"meta-nav\">&rarr;<\/span><\/a><\/p>\n","protected":false},"author":1,"featured_media":0,"parent":0,"menu_order":0,"comment_status":"closed","ping_status":"closed","template":"","meta":{"footnotes":""},"class_list":["post-3384","page","type-page","status-publish","hentry"],"_links":{"self":[{"href":"https:\/\/os-zagradec.si\/index.php?rest_route=\/wp\/v2\/pages\/3384","targetHints":{"allow":["GET"]}}],"collection":[{"href":"https:\/\/os-zagradec.si\/index.php?rest_route=\/wp\/v2\/pages"}],"about":[{"href":"https:\/\/os-zagradec.si\/index.php?rest_route=\/wp\/v2\/types\/page"}],"author":[{"embeddable":true,"href":"https:\/\/os-zagradec.si\/index.php?rest_route=\/wp\/v2\/users\/1"}],"replies":[{"embeddable":true,"href":"https:\/\/os-zagradec.si\/index.php?rest_route=%2Fwp%2Fv2%2Fcomments&post=3384"}],"version-history":[{"count":1,"href":"https:\/\/os-zagradec.si\/index.php?rest_route=\/wp\/v2\/pages\/3384\/revisions"}],"predecessor-version":[{"id":5906,"href":"https:\/\/os-zagradec.si\/index.php?rest_route=\/wp\/v2\/pages\/3384\/revisions\/5906"}],"wp:attachment":[{"href":"https:\/\/os-zagradec.si\/index.php?rest_route=%2Fwp%2Fv2%2Fmedia&parent=3384"}],"curies":[{"name":"wp","href":"https:\/\/api.w.org\/{rel}","templated":true}]}}