{"id":337,"date":"2022-10-17T10:23:13","date_gmt":"2022-10-17T10:23:13","guid":{"rendered":"https:\/\/staging.os-zagradec.si\/?page_id=337"},"modified":"2022-10-26T09:15:00","modified_gmt":"2022-10-26T09:15:00","slug":"solski-sklad-2","status":"publish","type":"page","link":"https:\/\/os-zagradec.si\/?page_id=337","title":{"rendered":"\u0160OLSKI SKLAD"},"content":{"rendered":"\n<p>Na \u0161oli deluje \u0160olski sklad, ki \u0161oli omogo\u010da pridobivati dodatna finan\u010dna sredstva za nadstandardne dejavnosti, dodatno opremo, u\u010dne pripomo\u010dke in pomo\u010d u\u010dencem. Sredstva za \u0160olski sklad se zbirajo s pomo\u010djo donacij, zbiralnih akcij starega papirja, razli\u010dnih prireditev ter prispevki star\u0161ev.<br>V leto\u0161njem \u0161olskem letu se bodo sredstva zbirala tudi na bazarju.<br>Namen zbiranja sredstev:<\/p>\n\n\n\n<ul class=\"wp-block-list\"><li>sofinanciranje dejavnosti obveznega programa \u0161ole, \u010de se ne financirajo v celoti iz javnih sredstev (izleti, tabori, udele\u017eba na tekmovanjih, kulturnih prireditvah \u2026),<\/li><li>nakup nadstandardne opreme (didakti\u010dna sredstva in pripomo\u010dki, razli\u010dna igrala,<\/li><li>avdio-video in IKT oprema \u2026),<\/li><li>raziskovalne dejavnosti na \u0161oli,<\/li><li>zvi\u0161evanje standarda pouka,<\/li><li>pomo\u010d u\u010dencem pri udele\u017ebi v nadstandardnemu programu \u0161ole (\u0161ole v naravi, izleti, tabori, udele\u017eba na tekmovanjih).<\/li><\/ul>\n\n\n\n<p>O upravi\u010denosti do pomo\u010di presoja \u0161olska svetovalna slu\u017eba v sodelovanju z razredniki in v skladu z Letnim programom. Upravni odbor \u0161olskega sklada potrdi upravi\u010denost prosilcev do nepovratnih sredstev (na osnovi predlo\u017eenega seznama \u0161olske svetovalne slu\u017ebe). S poimenskim seznamom u\u010dencev, ki jim upravni odbor dodeli denarna sredstva, se ravna v skladu z Zakonom o varovanju osebnih podatkov. \u0160olski sklad upravlja odbor, ki enkrat letno ob zaklju\u010dnem ra\u010dunu poro\u010da svetu \u0161ole.<\/p>\n\n\n\n<p>\u010clani \u0160olskega sklada O\u0160 Zagradec so:<br>predstavniki star\u0161ev: Petra Jav\u0161nik, Marjetka Klavs, Mojca Ko\u0161\u010dak;<br>predstavniki \u0161ole: Mojca Pustovrh, Mateja Oberstar, Katja Godec, Vita Valen\u010dak.<br>Star\u0161i u\u010dencev, ki se iz kakr\u0161nihkoli razlogov znajdejo v socialni stiski, lahko po\u0161ljejo vlogo za pomo\u010d v \u0161olsko svetovalno slu\u017ebo oziroma ra\u010dunovodstvo. <\/p>\n\n\n\n<p>Star\u0161i lahko prispevek za \u0160olski sklad naka\u017eejo na ra\u010dun O\u0160 Zagradec. \u0160tevilka ra\u010duna: SI56 0110 0600 8350 171<br><\/p>\n","protected":false},"excerpt":{"rendered":"<p>Na \u0161oli deluje \u0160olski sklad, ki \u0161oli omogo\u010da pridobivati dodatna finan\u010dna sredstva za nadstandardne dejavnosti, dodatno opremo, u\u010dne pripomo\u010dke in pomo\u010d u\u010dencem. Sredstva za \u0160olski sklad se zbirajo s pomo\u010djo donacij, zbiralnih akcij starega papirja, razli\u010dnih prireditev ter prispevki star\u0161ev.V leto\u0161njem \u0161olskem letu se bodo sredstva zbirala tudi na bazarju.Namen zbiranja sredstev: sofinanciranje dejavnosti obveznega &hellip; <a href=\"https:\/\/os-zagradec.si\/?page_id=337\" class=\"more-link\">Preberi ve\u010d <span class=\"screen-reader-text\">\u0160OLSKI SKLAD<\/span> <span class=\"meta-nav\">&rarr;<\/span><\/a><\/p>\n","protected":false},"author":1,"featured_media":0,"parent":0,"menu_order":0,"comment_status":"closed","ping_status":"closed","template":"","meta":{"footnotes":""},"class_list":["post-337","page","type-page","status-publish","hentry"],"_links":{"self":[{"href":"https:\/\/os-zagradec.si\/index.php?rest_route=\/wp\/v2\/pages\/337","targetHints":{"allow":["GET"]}}],"collection":[{"href":"https:\/\/os-zagradec.si\/index.php?rest_route=\/wp\/v2\/pages"}],"about":[{"href":"https:\/\/os-zagradec.si\/index.php?rest_route=\/wp\/v2\/types\/page"}],"author":[{"embeddable":true,"href":"https:\/\/os-zagradec.si\/index.php?rest_route=\/wp\/v2\/users\/1"}],"replies":[{"embeddable":true,"href":"https:\/\/os-zagradec.si\/index.php?rest_route=%2Fwp%2Fv2%2Fcomments&post=337"}],"version-history":[{"count":2,"href":"https:\/\/os-zagradec.si\/index.php?rest_route=\/wp\/v2\/pages\/337\/revisions"}],"predecessor-version":[{"id":819,"href":"https:\/\/os-zagradec.si\/index.php?rest_route=\/wp\/v2\/pages\/337\/revisions\/819"}],"wp:attachment":[{"href":"https:\/\/os-zagradec.si\/index.php?rest_route=%2Fwp%2Fv2%2Fmedia&parent=337"}],"curies":[{"name":"wp","href":"https:\/\/api.w.org\/{rel}","templated":true}]}}